a**2 + 6*a + 2. Suppose 3*d + 2 = 4*o, 4*o = 5 - 9. Let s be u(d). Let l(b) = -2*b**3 - 2*b**2 - 4*b - 2. Calculate l(s).
14
Suppose 7*z - 4*m - 38 = 0, 3*z + m - 14 = 5. Let l(t) = t**3 + 5*t**2 - 6. Let c(v) = -2*v**3 - 4*v**2 - v + 6. Let g(u) = 2*c(u) + 3*l(u). Give g(z).
18
Let d(l) = l**3 + 4*l**2 + 3*l + 6. Let g(s) be the first derivative of s**3/3 + 7*s**2 + 15*s - 46. Let x be g(-13). Let p be x + -4 - 4/2. Give d(p).
-6
Let h(s) = -5*s + 9. Let g = 326 - 318. Let k(c) = -13*c + 24. Let x(r) = g*h(r) - 3*k(r). Calculate x(-2).
2
Let h(c) = -3*c**2 - 125*c + 81. Let j(r) = -2*r**2 - 88*r + 54. Let l(q) = 5*h(q) - 7*j(q). What is l(-9)?
27
Let x be 4/18 + (-6270)/513. Let q(h) = -6*h**3 - 12*h**2 + 4*h. Let s(n) = -7*n**3 - 12*n**2 + 5*n. Let d(o) = -6*q(o) + 5*s(o). Give d(x).
-12
Let w = 4517 + -4511. Let o(f) = f**2 - 7*f - 7. Determine o(w).
-13
Let t(u) be the third derivative of u**4/6 - 4*u**3/3 + 51*u**2. Let l(v) = -3*v + 9. Let j(q) = 3*l(q) + 2*t(q). What is j(11)?
0
Suppose -4*j + 10 = 2. Let h(v) = 19*v + 2*v**2 + 3*v**j - 24*v - 4*v**2. Determine h(5).
0
Let d(c) be the second derivative of -c**5/20 - 19*c**4/12 + 19*c**3/6 - 21*c**2/2 + 68*c + 13. Let t be ((-70)/21)/(1/6). Give d(t).
-1
Let t = -1643 - -948. Let k = 691 + t. Let u(r) = r**3 + 7*r**2 + 3*r. Give u(k).
36
Let s(i) = 23*i + 158. Let d be 7/6 - 18767/2298. What is s(d)?
-3
Let v(b) = b**3 + 5*b**2 - 6*b - 8. Suppose 6*c + 40 = -2. Let j(m) = 3*m**2 + 20*m - 13. Let q be j(c). What is v(q)?
-8
Let o(h) be the second derivative of h**4/12 + h**3/3 - h**2/2 - h. Let s = 109 - 115. Let a be 3/(-2)*(4 + s). What is o(a)?
14
Let z = 39735 + -39718. Let d(i) = 32*i - 550. What is d(z)?
-6
Suppose -a + 18 = 3*o, o - 2 = 4*a - 3*a. Let f(i) = -i**2 - 3*i + i**a + 5 - 15 + 11. What is f(2)?
-1
Let j be (-15)/((-10)/2) - 7. Let p(q) = -290*q**3 + 291*q**3 + 6*q - 2*q - 3 - 5*q + 3*q**2. What is p(j)?
-15
Let m(s) = 31*s - 62. Let c(w) = -24*w + 47. Let r(n) = 9*c(n) + 7*m(n). Calculate r(7).
-4
Let p = 2506 - 2498. Let u(c) = -c**3 + 4*c**2 + 6*c. Let k be u(5). Let v be ((-2)/3)/(p/60*k). Let l(y) = -22*y**3 - y**2 + y + 1. Give l(v).
21
Let r(y) be the second derivative of y**3/3 - 5*y**2/2 + 4*y. Suppose -20 = 4*q, -3*u - 4*q + 3*q - 161 = 0. Let a = -47 - u. What is r(a)?
5
Let k(b) = -44*b + 9. Suppose -4643 = 23*c - 4597. What is k(c)?
97
Let g = -8 + 17. Let q(i) = i**2 - 7*i - 13. Let b be q(g). Let s(c) = 3*c + 3. Let h(n) = 17*n + 22. Let l(k) = -h(k) + 6*s(k). Give l(b).
1
Let y(w) = -2*w - 1. Suppose -3*g + 2 + 1 = 0. Let l = 121 + -114. Suppose -6 = l*a + g. Determine y(a).
1
Let h(w) be the first derivative of -w**5/20 + 5*w**4/12 + w**3/2 + 11*w**2/2 + 159*w - 165. Let t(r) be the first derivative of h(r). What is t(6)?
-7
Let x(a) = -27*a + 7148. Let m(f) = 41*f - 10007. Let b(g) = -5*m(g) - 7*x(g). Let z be (3 - 4/2)/1. Calculate b(z).
-17
Let y(t) be the third derivative of t**5/60 - 5*t**4/24 - 30*t**3 - 9667*t**2. What is y(-11)?
-4
Let s be (99/174 - (-30)/(-435))*-14. Let k(x) be the first derivative of x**2/2 - 4*x + 4. Give k(s).
-11
Let k(z) be the second derivative of z**4/6 + 11*z**3/6 - z**2 + 857*z + 2. Give k(-6).
4
Let a(m) = -11*m + 10. Let b = 17950 - 17948. Give a(b).
-12
Let t(k) = -5*k**2 - 16*k - 2. Let d(u) = -17*u**2 - 52*u - 3. Let x(j) = -2*d(j) + 7*t(j). Suppose 5*a = -5*v - 2 - 33, -2*a = 0. Give x(v).
-1
Let a = -5260 + 5259. Let m(t) = -85*t - 2. Calculate m(a).
83
Let w(k) be the third derivative of -k**5/60 - 5*k**4/24 + k**3/6 - 15*k**2 + 94. Give w(-3).
7
Let g(q) = 15*q + 2. Let i(c) = -64*c - 9. Let b(u) = 9*g(u) + 2*i(u). Give b(-8).
-56
Let i be 28/(-6) - (-2)/3. Suppose -5*g = 2*w - 28, -2*g - 54 + 70 = -4*w. Let q(n) = g*n + 5 - 9 - 7*n + 5*n + 10. Calculate q(i).
-10
Let i(d) = 22*d**2 - 1. Let u(c) = -c + 41. Let x be u(8). Let t be (x/(-12) - 9/(-12))/2. Calculate i(t).
21
Let w(l) = -l**2 + 2*l. Suppose 15 - 21 = -3*n. Suppose -3*y + 5*o - 16 = 0, -2 = -3*y + n*y - 2*o. Give w(y).
-8
Let i(c) = -c**3 - 10*c**2 + 108*c - 106*c + 24 - 9. Suppose 12*d + 580 = -46*d. Calculate i(d).
-5
Suppose 2*d - 5*p = 13, 5*d + 5*p - 47 = 3*p. Suppose b + t = 2*t + 3, -3*t + d = 0. Suppose -3*s = b + 9. Let h(l) = l - 2. Give h(s).
-7
Let b(j) be the first derivative of j**4/4 - 5*j**3/3 - 3*j**2 - 4*j + 1418. Let y = 6 - 0. Give b(y).
-4
Let f(m) = -24*m + 9. Let s(r) = -288*r + 2593. Let l be s(9). Determine f(l).
-15
Let n(v) = v**3 + 11273*v + 27*v**2 - 11272*v + 84 - 19. Calculate n(-27).
38
Let n(i) = -23*i - 48. Let r(m) = 2*m - 1. Let s(z) = -n(z) - 2*r(z). Determine s(-3).
-7
Suppose 0 = 68*h - 323*h + 267 + 243. Let f(t) be the second derivative of -1/20*t**5 - 2/3*t**4 - 7/2*t**h - 20*t + 0 - 1/3*t**3. Determine f(-8).
9
Suppose 0*u + 2*u - 22 = 0. Suppose 0*i = -3*y - i - u, -2*y + 1 = -i. Let s(o) = -2 - o - 2*o**2 + o**2 + 3*o**2 - 3*o**2. Give s(y).
-4
Suppose 0 = -4*q + i + 8, -2*q - 4*i - 23 + 9 = 0. Let v(g) = -2*g - q - 8*g**3 + 4 + 8*g**3 + g**3 + g. What is v(-3)?
-21
Let s(i) = -11*i - 44. Suppose -65*d - 45*d - 2370 = 48*d. What is s(d)?
121
Let h(b) = -411 + b**3 + 3*b + 405 - 4*b**2 + 0*b**3. Suppose -1 = -4*z + 5*i, -2*z - 22*i = -26*i + 4. Calculate h(z).
6
Let l(q) = -2*q - 17. Let s be l(-12). Suppose -216 = 2*j + s*j. Let m(o) = -o. Let g(n) = -8*n**3 + 24*n. Let z(y) = j*m(y) - g(y). Give z(-1).
-8
Let l(q) = -q**2 + 4*q - 1. Let p be l(4). Let c(z) = -3343*z**3 + 1 - 2 - 3317*z**3 + 6621*z**3. Calculate c(p).
38
Let j(n) = n**3 + 16*n**2 + 19*n - 8. Let w be j(-14). Let t(x) = -w*x**2 + 2 - 2 + 140*x**2 + 1. Calculate t(-1).
23
Let z(j) be the third derivative of 68*j**2 - 1/60*j**5 + 1/24*j**4 + 0 + 0*j + 1/6*j**3. Calculate z(-1).
-1
Suppose 2*o + 4*f - 31 - 45 = 0, -5*f - 59 = -3*o. Suppose 30*s = -38*s + 408. Let z(n) = -n + o + 16 + s*n**2 - 47 + n**3. Calculate z(-5).
27
Suppose 31*z - 23*z - 16 = 0. Let s(c) = -1 - 2*c - 219*c**3 + 3*c + 218*c**3 - 6*c**z - 3*c**2. Give s(-9).
-10
Let w(i) = -72*i**2 - 3*i - 161. Let s(t) = 55*t**2 + 2*t + 123. Let z(r) = -17*s(r) - 13*w(r). Let f = -8 - -5. What is z(f)?
-4
Let q(o) = 94*o**2 - 375*o - 1. Let f be q(4). Let k(s) be the second derivative of 2 - 1/12*s**4 - 3*s**2 + 0*s**f - 7*s. Calculate k(0).
-6
Let t(m) = -2*m - 507 + 169 + 169 + 178. Suppose -19 = -3*q + 2. Determine t(q).
-5
Let i be -3 + 1 + (-6)/27 + 335/90. Let s(p) be the first derivative of i*p**2 + 7*p + 17. What is s(6)?
25
Let o be ((495/10)/9)/(5/20). Let w be 4/o + (-216)/(-22). Let v(d) = -d**3 + 10*d**2. What is v(w)?
0
Let q(i) = -29*i - 21. Let v = 11524 - 11528. Give q(v).
95
Let r(d) be the second derivative of d**4/12 - d**3/6 + 2*d**2 - 11*d - 2. Let t(g) = g**3 - 5*g**2 - 5*g - 6. Let w be t(6). Give r(w).
4
Let u(t) = -60*t + 51. Let a be u(3). Let x = 131 + a. Let b(h) = 7*h - 2. What is b(x)?
12
Let n(i) = i**3 - 255*i + 24. Let t be n(-16). Let h(k) = -k**3 + 7*k**2 + 10*k + 1. Determine h(t).
17
Let x(t) = 7*t**2 - 13*t - 100. Let m(c) = 4*c**2 - 6*c - 56. Let f(y) = -5*m(y) + 3*x(y). Determine f(11).
2
Let o(b) = b**2 - 5*b + 4. Let n be 9/(-15)*(-30)/6. Suppose 6*w - n*w - 4*z = -197, w + 54 = -z. Let j = 65 + w. What is o(j)?
10
Let b(u) = 1121 + 1098 - 2205 - 60*u. Calculate b(-1).
74
Let b be 2/(12/56*4/(-6)). Let v be 22/(-77) + (-46)/b. Suppose 0 = 2*c - 11 - v. Let l(q) = -q - 6. Give l(c).
-13
Let j(w) = -2*w**3 - w**2 + 1. Let o(a) = -14 + 2 + a + 23. Let z be o(-12). Determine j(z).
2
Let b(f) = -f**3 - 4*f**2 + f + 2. Suppose -8*p - 132 = 30*p - 5*p. Give b(p).
-2
Suppose 880 = 100*f + 76*f. Let s(z) = -3*z**2 + 13*z - 3. What is s(f)?
-13
Let m(j) be the third derivative of j**6/40 + j**4/24 + j**3/6 - 825*j**2. Calculate m(-3).
-83
Suppose -14 = -j - k, -4*j + k + 0*k = -36. Let x(s) = j*s**2 + 7*s**2 - 10*s**2. Determine x(2).
28
Let v(j) be the third derivative of -j**4/6 - j**3/6 + 284*j**2 + 8*j. What is v(-9)?
35
Let p = -140 + 147. Let f(m) = -47*m - p + 46*m + 0 + 6. Calculate f(-3).
2
Let v be (20/15)/(2/36). Suppose -14 = -10*x - v. Let h(i) = 5*i**3 - i**2 - i - 1. Determine h(x).
-6
Let h(r) = -2*r - 4. Let o = 250 + 36. Let w = 283 - o. Give h(w).
2
Let q(r) = r - 11. Suppose 2*a - 30 = -3*f - 4, -4*f + 44 = 4*a. Let h be q(a). L